{"id":610,"date":"2019-12-20T05:29:33","date_gmt":"2019-12-20T05:29:33","guid":{"rendered":"https:\/\/www.jorgeramirezfotografo.com\/?page_id=610"},"modified":"2021-01-09T05:35:18","modified_gmt":"2021-01-09T05:35:18","slug":"la-formula-infalible-para-contratar-a-tu-fotografo","status":"publish","type":"page","link":"https:\/\/www.jorgeramirezfotografo.com\/index.php\/la-formula-infalible-para-contratar-a-tu-fotografo\/","title":{"rendered":"LA FORMULA INFALIBLE PARA CONTRATAR A TU FOT\u00d3GRAFO"},"content":{"rendered":"<p>[vc_row][vc_column][vc_video link=\u00bbhttps:\/\/www.youtube.com\/watch?v=1Uz8iF3Lz_4&#8243;][vc_column_text]<\/p>\n\n<strong>Existen en las redes sociales,<br \/>\nas\u00ed como en el mercado recomendaciones para contratar al FOTOGRAFO QUE CUBRIRA<br \/>\nEL EVENTO DE TU VIDA, ya sea TU BODA o tu FIESTA DE XV A\u00d1OS\u2026 pues aqu\u00ed te<br \/>\nexplicaremos que es lo que necesitas para decidirte a contratar.<\/strong><\/p>\n\n<p><\/p>\n\n<strong>&nbsp;&nbsp;&nbsp;&nbsp;&nbsp;&nbsp;&nbsp;&nbsp;&nbsp;&nbsp;&nbsp;&nbsp;&nbsp;&nbsp;&nbsp; Las recomendaciones son muchas y la mayor\u00eda habla de<br \/>\nservicio, calidad, equipo, cobertura\u2026 pero de lo que no te hablan es de cuanto<br \/>\ndebes pagar por ello.<\/strong><\/p>\n\n<p><\/p>\n\n<strong>El precio y tu presupuesto<br \/>\nno deben estar peleados puesto que las fotos y el video de tu evento es EL<br \/>\nUNICO RECUERDO que perdurara, seg\u00fan el estudio de mercado deber\u00e1s destinar del 10%<br \/>\nal 15% de tu presupuesto.<\/strong><\/p>\n\n<p><\/p>\n\n<strong>Los costos<br \/>\nde los paquetes que hay en el mercado son variables y se ajustan a el<br \/>\npresupuesto que tengas, es decir que cualquiera puede capturar tu evento\u2026 eso<br \/>\nno quiere decir que se har\u00e1 bien<\/strong><\/p>\n\n<p><\/p>\n\n<strong>&nbsp;&nbsp;&nbsp;&nbsp;&nbsp;&nbsp;&nbsp;&nbsp;&nbsp;&nbsp;&nbsp;&nbsp;&nbsp;&nbsp;&nbsp; Uno de los par\u00e1metros a tomar en cuenta deber\u00e1 ser<br \/>\nlas recomendaciones de tus amigos y familia que ya paso por un evento\u2026 ellos<br \/>\npodr\u00e1n darte una perspectiva de su experiencia\u2026 sea buena o sea mala\u2026 detalles<br \/>\ncomo puntualidad, servicio, cobertura, entrega, calidad\u2026 ellos ser\u00e1n tu primer<br \/>\ngu\u00eda para hacer una mediaci\u00f3n en lo que necesitas.<\/strong><\/p>\n\n<p><\/p>\n\n<strong>&nbsp;&nbsp;&nbsp;&nbsp;&nbsp;&nbsp;&nbsp;&nbsp;&nbsp;&nbsp;&nbsp;&nbsp;&nbsp;&nbsp;&nbsp; Para encontrar un servicio de fotograf\u00eda, existen<br \/>\nvarios medios en los que pueden buscar\u2026 GOOGLE, FACEBOOK, INSTAGRAM, son las<br \/>\nm\u00e1s usadas, as\u00ed como las paginas web y portales de bodas\u2026<\/strong><\/p>\n\n<p><\/p>\n\n<strong>Los fot\u00f3grafos bien<br \/>\nestablecidos invierten en publicidad y plataformas digitales como Bodas.com ya<br \/>\nque suelen dar una imagen propia de la empresa<\/strong><\/p>\n\n\n<p><a href=\"https:\/\/www.bodas.com.mx\/fotografos-de-bodas\/chihuahua\">https:\/\/www.bodas.com.mx\/fotografos-de-bodas\/chihuahua<\/a><\/p>\n\n<p><\/p>\n\n<strong>Los fot\u00f3grafos que no<br \/>\ncuentan con una imagen, suelen ser ocasionales, por lo cual puede poner en duda<br \/>\na largo plazo el resultado de tu evento\u2026<\/strong><\/p>\n\n<p><\/p>\n\n<strong>Hay 3 tipos de fot\u00f3grafos,<br \/>\nlos especializados\u2026 los cuales se dedican directamente a Fotograf\u00eda y sus<br \/>\nprecios rondan entre 25000 y 30000 pesos, otro tipo es el que como ya te mencion\u00e1bamos<br \/>\nocasionales, cuyos precios son mas bajos aunque con mayor riesgo de calidad.<\/strong><\/p>\n\n<p><\/p>\n\n<strong>El tercer grupo es de los<br \/>\nfot\u00f3grafos integrales, los cuales cuentan con diferentes tipos de servicios y<br \/>\ncobertura tanto en foto como en video, siendo esta la opci\u00f3n mas buscada ya que<br \/>\nsuelen ser experimentados y confiables.<\/strong><\/p>\n\n<p><\/p>\n\n<strong>\u00a1\u00a1\u00a1En este punto te<br \/>\nrecomendamos hacer comparaciones de las opciones que encuentres\u2026 haz tu lista y<br \/>\na la carga\u2026ve por el!!!<\/strong><\/p>\n\n<p><\/p>\n\n<strong>Lo primero que debes hacer<br \/>\nes agendar una cita para visitarle, los fot\u00f3grafos bien establecidos cuentan<br \/>\ncon estudio u oficina donde pueden atenderte\u2026 no te visitan a tu casa ni te<br \/>\ncitan en caf\u00e9s ni centros comerciales\u2026 <\/strong><\/p>\n\n<p><\/p>\n\n<strong>&nbsp;&nbsp;&nbsp;&nbsp;&nbsp;&nbsp;&nbsp;&nbsp;&nbsp;&nbsp;&nbsp;&nbsp;&nbsp;&nbsp;&nbsp; De esta manera puedes solicitar ver su portafolio de muestras,<br \/>\nas\u00ed como trabajos de entrega a otros clientes, no todos los fot\u00f3grafos entregan<br \/>\nlo que publican\u2026si tu prospecto no cuenta con material para entregar puede ser<br \/>\nuna alerta de que no cuenta con trabajo recurrente o puede ser nuevo en el<br \/>\nmercado.<\/strong><\/p>\n\n<p><\/p>\n\n<strong>Los fot\u00f3grafos con<br \/>\nexperiencia, cuentan con un portafolio completo y con variedad tanto en<br \/>\nservicios como en precios.<\/strong><\/p>\n\n<p><\/p>\n\n<strong>&nbsp;&nbsp;&nbsp;&nbsp;&nbsp;&nbsp;&nbsp;&nbsp;&nbsp;&nbsp;&nbsp;&nbsp;&nbsp;&nbsp;&nbsp; Tus proveedores pueden ser otro punto de referencia, habla<br \/>\ncon tu wedding planner, florista, maquillistas, dise\u00f1ador, as\u00ed como en el sal\u00f3n<br \/>\ndonde se llevar\u00e1 a cabo tu evento\u2026 ellos conocen m\u00e1s fot\u00f3grafos y te pueden dar<br \/>\nuna buena o mala recomendaci\u00f3n, ellos est\u00e1n en constante contacto.<\/strong><\/p>\n\n<p><\/p>\n\n<strong>Por ultimo\u2026Ya que<br \/>\nencontraste al fot\u00f3grafo que cubrir\u00e1 tu evento, te recomendamos hacer una lista<br \/>\nde las im\u00e1genes y momentos que quieres, es responsabilidad de ambos el buen<br \/>\ndesarrollo de tu evento, s\u00e9 clara al momento de definir lo que quieres, as\u00ed tu<br \/>\nfot\u00f3grafo sabr\u00e1 que estilo de fotograf\u00edas te gustaran, conversen juntos que<br \/>\nfotograf\u00edas te gustar\u00eda tener, si quieres fotos con tus invitados o que sean<br \/>\nmas espontaneas\u2026 no dejes nada a la suposici\u00f3n, expl\u00edcale a tu fot\u00f3grafo lo que<br \/>\nte gustar\u00eda y lo que no\u2026 para poder tener un bonito recuerdo fotogr\u00e1fico de tu<br \/>\nevento<\/strong><\/p>\n\n<p><\/p>\n\n<strong>ESPERAMOS QUE ESTOS<br \/>\nSENCILLOS CONSEJOS TE SEAN DE GRAN UTILIDAD PARA DECIDIRTE A LA HORA DE<br \/>\nCONTRATAR.<\/strong><\/p>\n\n<p><\/p>\n\n<strong>SI TIENES MAS DUDAS<br \/>\nACERCATE A NOSOTROS Y TE AYUDAREMOS<\/strong><\/p>\n<p>\n\n<p>[\/vc_column_text][\/vc_column][\/vc_row]<\/p>","protected":false},"excerpt":{"rendered":"<p>[vc_row][vc_column][vc_video link=\u00bbhttps:\/\/www.youtube.com\/watch?v=1Uz8iF3Lz_4&#8243;][vc_column_text] Existen en las redes sociales, as\u00ed como en el mercado recomendaciones para contratar al FOTOGRAFO QUE CUBRIRA EL EVENTO DE TU VIDA, ya sea TU BODA o tu FIESTA DE XV A\u00d1OS\u2026 pues aqu\u00ed te explicaremos que es lo que necesitas para decidirte a contratar. &nbsp;&nbsp;&nbsp;&nbsp;&nbsp;&nbsp;&nbsp;&nbsp;&nbsp;&nbsp;&nbsp;&nbsp;&nbsp;&nbsp;&nbsp; Las recomendaciones son muchas y la mayor\u00eda [&hellip;]<\/p>\n","protected":false},"author":2,"featured_media":597,"parent":0,"menu_order":0,"comment_status":"closed","ping_status":"closed","template":"","meta":{"footnotes":""},"class_list":["post-610","page","type-page","status-publish","has-post-thumbnail","hentry"],"_links":{"self":[{"href":"https:\/\/www.jorgeramirezfotografo.com\/index.php\/wp-json\/wp\/v2\/pages\/610","targetHints":{"allow":["GET"]}}],"collection":[{"href":"https:\/\/www.jorgeramirezfotografo.com\/index.php\/wp-json\/wp\/v2\/pages"}],"about":[{"href":"https:\/\/www.jorgeramirezfotografo.com\/index.php\/wp-json\/wp\/v2\/types\/page"}],"author":[{"embeddable":true,"href":"https:\/\/www.jorgeramirezfotografo.com\/index.php\/wp-json\/wp\/v2\/users\/2"}],"replies":[{"embeddable":true,"href":"https:\/\/www.jorgeramirezfotografo.com\/index.php\/wp-json\/wp\/v2\/comments?post=610"}],"version-history":[{"count":4,"href":"https:\/\/www.jorgeramirezfotografo.com\/index.php\/wp-json\/wp\/v2\/pages\/610\/revisions"}],"predecessor-version":[{"id":1221,"href":"https:\/\/www.jorgeramirezfotografo.com\/index.php\/wp-json\/wp\/v2\/pages\/610\/revisions\/1221"}],"wp:featuredmedia":[{"embeddable":true,"href":"https:\/\/www.jorgeramirezfotografo.com\/index.php\/wp-json\/wp\/v2\/media\/597"}],"wp:attachment":[{"href":"https:\/\/www.jorgeramirezfotografo.com\/index.php\/wp-json\/wp\/v2\/media?parent=610"}],"curies":[{"name":"wp","href":"https:\/\/api.w.org\/{rel}","templated":true}]}}