{"id":1427,"date":"2022-07-08T21:14:35","date_gmt":"2022-07-08T21:14:35","guid":{"rendered":"https:\/\/www.jorgeramirezfotografo.com\/?page_id=1427"},"modified":"2022-07-09T00:00:12","modified_gmt":"2022-07-09T00:00:12","slug":"invitaciones-y-tarjetas","status":"publish","type":"page","link":"https:\/\/www.jorgeramirezfotografo.com\/index.php\/invitaciones-y-tarjetas\/","title":{"rendered":"Invitaciones y tarjetas."},"content":{"rendered":"<p><\/p>\n\n\n<\/p>\n<p>Profesionales de dise\u00f1o especializado en la personalizaci\u00f3n de invitaciones.<\/p>\n<p>\n\n\n<p><\/p>\n<p><\/p>\n\n\n<\/p>\n<p>Las invitaciones de tu boda y 15 a\u00f1os las encuentras con nosotros.Ofrecemos modelos seg\u00fan la tendencia con nueva tecnolog\u00eda de corte e impresi\u00f3n.<\/p>\n<p>\n\n\n<p><\/p>\n<figure><img decoding=\"async\" src=\"https:\/\/www.jorgeramirezfotografo.com\/wp-content\/uploads\/2022\/07\/WPL9995_3-150x150.jpg\" alt=\"WPL9995_3\"><\/figure>\n<figure><img decoding=\"async\" src=\"https:\/\/www.jorgeramirezfotografo.com\/wp-content\/uploads\/2022\/07\/WPL9990_2-150x150.jpg\" alt=\"WPL9990_2\"><\/figure>\n<figure><img decoding=\"async\" src=\"https:\/\/www.jorgeramirezfotografo.com\/wp-content\/uploads\/2022\/07\/WPFB2123G_6-150x150.jpg\" alt=\"WPFB2123G_6\"><\/figure>\n<figure><img decoding=\"async\" src=\"https:\/\/www.jorgeramirezfotografo.com\/wp-content\/uploads\/2022\/07\/WPL9995_5-150x150.jpg\" alt=\"WPL9995_5\"><\/figure>\n<figure><img decoding=\"async\" src=\"https:\/\/www.jorgeramirezfotografo.com\/wp-content\/uploads\/2022\/07\/WPL9998G_1-150x150.jpg\" alt=\"WPL9998G_1\"><\/figure>\n<figure><img decoding=\"async\" src=\"https:\/\/www.jorgeramirezfotografo.com\/wp-content\/uploads\/2022\/07\/WPL0019G_7-150x150.jpg\" alt=\"WPL0019G_7\"><\/figure>\n<figure><img decoding=\"async\" src=\"https:\/\/www.jorgeramirezfotografo.com\/wp-content\/uploads\/2022\/07\/WPL0002_1-150x150.jpg\" alt=\"WPL0002_1\"><\/figure>\n<figure><img decoding=\"async\" src=\"https:\/\/www.jorgeramirezfotografo.com\/wp-content\/uploads\/2022\/07\/WPL0014_1-150x150.jpg\" alt=\"WPL0014_1\"><\/figure>\n<figure><img decoding=\"async\" src=\"https:\/\/www.jorgeramirezfotografo.com\/wp-content\/uploads\/2022\/07\/WPFB2120_1-150x150.jpg\" alt=\"WPFB2120_1\"><\/figure>\n<p>\t\t\t\t\t\tAnterior<br>\n\t\t\t\t\t\tSiguiente<\/p>\n<h2>INVITACIONES DE CORTE LASER Y ENVOLVENTES<\/h2>\n<p>Aqu\u00ed encontrar\u00e1s \u00fanicamente originalidad y creatividad, as\u00ed que si est\u00e1s buscando algo especial y \u00fanico, est\u00e1s en el lugar indicado.<\/p>\n<p>                                        <a rel=\"prettyPhoto[slides]\" href=\"https:\/\/www.jorgeramirezfotografo.com\/wp-content\/uploads\/2022\/07\/WPL9998_2.jpg\" data-rel=\"rgg\" data-src=\"https:\/\/www.jorgeramirezfotografo.com\/wp-content\/uploads\/2022\/07\/WPL9998_2-300x300.jpg\" data-ratio=\"1\" data-height=\"300\" data-width=\"300\" aria-label=\"\"><br>\n                                                        <\/a><br>\n                                                <a rel=\"prettyPhoto[slides]\" href=\"https:\/\/www.jorgeramirezfotografo.com\/wp-content\/uploads\/2022\/07\/WPL9995_4.jpg\" data-rel=\"rgg\" data-src=\"https:\/\/www.jorgeramirezfotografo.com\/wp-content\/uploads\/2022\/07\/WPL9995_4-300x300.jpg\" data-ratio=\"1\" data-height=\"300\" data-width=\"300\" aria-label=\"\"><br>\n                                                        <\/a><br>\n                                                <a rel=\"prettyPhoto[slides]\" href=\"https:\/\/www.jorgeramirezfotografo.com\/wp-content\/uploads\/2022\/07\/WPL0033_1.jpg\" data-rel=\"rgg\" data-src=\"https:\/\/www.jorgeramirezfotografo.com\/wp-content\/uploads\/2022\/07\/WPL0033_1-300x300.jpg\" data-ratio=\"1\" data-height=\"300\" data-width=\"300\" aria-label=\"\"><br>\n                                                        <\/a><br>\n                                                <a rel=\"prettyPhoto[slides]\" href=\"https:\/\/www.jorgeramirezfotografo.com\/wp-content\/uploads\/2022\/07\/WPL0179G-1024x1024.jpg\" data-rel=\"rgg\" data-src=\"https:\/\/www.jorgeramirezfotografo.com\/wp-content\/uploads\/2022\/07\/WPL0179G-300x300.jpg\" data-ratio=\"1\" data-height=\"300\" data-width=\"300\" aria-label=\"\"><br>\n                                                        <\/a><br>\n                                                <a rel=\"prettyPhoto[slides]\" href=\"https:\/\/www.jorgeramirezfotografo.com\/wp-content\/uploads\/2022\/07\/WPL0013.jpg\" data-rel=\"rgg\" data-src=\"https:\/\/www.jorgeramirezfotografo.com\/wp-content\/uploads\/2022\/07\/WPL0013-300x300.jpg\" data-ratio=\"1\" data-height=\"300\" data-width=\"300\" aria-label=\"\"><br>\n                                                        <\/a><br>\n                                                <a rel=\"prettyPhoto[slides]\" href=\"https:\/\/www.jorgeramirezfotografo.com\/wp-content\/uploads\/2022\/07\/WPL0067G_3.jpg\" data-rel=\"rgg\" data-src=\"https:\/\/www.jorgeramirezfotografo.com\/wp-content\/uploads\/2022\/07\/WPL0067G_3-300x300.jpg\" data-ratio=\"1\" data-height=\"300\" data-width=\"300\" aria-label=\"\"><br>\n                                                        <\/a><br>\n                                                <a rel=\"prettyPhoto[slides]\" href=\"https:\/\/www.jorgeramirezfotografo.com\/wp-content\/uploads\/2022\/07\/WPL0067G_1.jpg\" data-rel=\"rgg\" data-src=\"https:\/\/www.jorgeramirezfotografo.com\/wp-content\/uploads\/2022\/07\/WPL0067G_1-300x300.jpg\" data-ratio=\"1\" data-height=\"300\" data-width=\"300\" aria-label=\"\"><br>\n                                                        <\/a><br>\n                                                <a rel=\"prettyPhoto[slides]\" href=\"https:\/\/www.jorgeramirezfotografo.com\/wp-content\/uploads\/2022\/07\/WPFB2120_1.jpg\" data-rel=\"rgg\" data-src=\"https:\/\/www.jorgeramirezfotografo.com\/wp-content\/uploads\/2022\/07\/WPFB2120_1-300x300.jpg\" data-ratio=\"1\" data-height=\"300\" data-width=\"300\" aria-label=\"\"><br>\n                                                        <\/a><\/p>\n<h2>INVITACIONES EN ACRILICO<\/h2>\n<p>Novedosas, transparentes y muy resistentes a los cambios clim\u00e1ticos, las invitaciones en acr\u00edlico son una excelente opci\u00f3n para las parejas que quieren sorprender a sus invitados.&nbsp;<\/p>\n<p>                                        <a rel=\"prettyPhoto[slides]\" href=\"https:\/\/www.jorgeramirezfotografo.com\/wp-content\/uploads\/2022\/07\/ACR16_1.jpg\" data-rel=\"rgg\" data-src=\"https:\/\/www.jorgeramirezfotografo.com\/wp-content\/uploads\/2022\/07\/ACR16_1-150x150.jpg\" data-ratio=\"1\" data-height=\"150\" data-width=\"150\" aria-label=\"\"><br>\n                                                        <\/a><br>\n                                                <a rel=\"prettyPhoto[slides]\" href=\"https:\/\/www.jorgeramirezfotografo.com\/wp-content\/uploads\/2022\/07\/ACR10.jpg\" data-rel=\"rgg\" data-src=\"https:\/\/www.jorgeramirezfotografo.com\/wp-content\/uploads\/2022\/07\/ACR10-150x150.jpg\" data-ratio=\"1\" data-height=\"150\" data-width=\"150\" aria-label=\"\"><br>\n                                                        <\/a><br>\n                                                <a rel=\"prettyPhoto[slides]\" href=\"https:\/\/www.jorgeramirezfotografo.com\/wp-content\/uploads\/2022\/07\/ACR02_1.jpg\" data-rel=\"rgg\" data-src=\"https:\/\/www.jorgeramirezfotografo.com\/wp-content\/uploads\/2022\/07\/ACR02_1-150x150.jpg\" data-ratio=\"1\" data-height=\"150\" data-width=\"150\" aria-label=\"\"><br>\n                                                        <\/a><br>\n                                                <a rel=\"prettyPhoto[slides]\" href=\"https:\/\/www.jorgeramirezfotografo.com\/wp-content\/uploads\/2022\/07\/ACR01_3.jpg\" data-rel=\"rgg\" data-src=\"https:\/\/www.jorgeramirezfotografo.com\/wp-content\/uploads\/2022\/07\/ACR01_3-150x150.jpg\" data-ratio=\"1\" data-height=\"150\" data-width=\"150\" aria-label=\"\"><br>\n                                                        <\/a><br>\n                                                <a rel=\"prettyPhoto[slides]\" href=\"https:\/\/www.jorgeramirezfotografo.com\/wp-content\/uploads\/2022\/07\/ACR01.jpg\" data-rel=\"rgg\" data-src=\"https:\/\/www.jorgeramirezfotografo.com\/wp-content\/uploads\/2022\/07\/ACR01-150x150.jpg\" data-ratio=\"1\" data-height=\"150\" data-width=\"150\" aria-label=\"\"><br>\n                                                        <\/a><br>\n                                                <a rel=\"prettyPhoto[slides]\" href=\"https:\/\/www.jorgeramirezfotografo.com\/wp-content\/uploads\/2022\/07\/ACR03_2.jpg\" data-rel=\"rgg\" data-src=\"https:\/\/www.jorgeramirezfotografo.com\/wp-content\/uploads\/2022\/07\/ACR03_2-150x150.jpg\" data-ratio=\"1\" data-height=\"150\" data-width=\"150\" aria-label=\"\"><br>\n                                                        <\/a><br>\n                                                <a rel=\"prettyPhoto[slides]\" href=\"https:\/\/www.jorgeramirezfotografo.com\/wp-content\/uploads\/2022\/07\/ACR04_4.jpg\" data-rel=\"rgg\" data-src=\"https:\/\/www.jorgeramirezfotografo.com\/wp-content\/uploads\/2022\/07\/ACR04_4-150x150.jpg\" data-ratio=\"1\" data-height=\"150\" data-width=\"150\" aria-label=\"\"><br>\n                                                        <\/a><br>\n                                                <a rel=\"prettyPhoto[slides]\" href=\"https:\/\/www.jorgeramirezfotografo.com\/wp-content\/uploads\/2022\/07\/BACR01_2.jpg\" data-rel=\"rgg\" data-src=\"https:\/\/www.jorgeramirezfotografo.com\/wp-content\/uploads\/2022\/07\/BACR01_2-150x150.jpg\" data-ratio=\"1\" data-height=\"150\" data-width=\"150\" aria-label=\"\"><br>\n                                                        <\/a><br>\n                                                <a rel=\"prettyPhoto[slides]\" href=\"https:\/\/www.jorgeramirezfotografo.com\/wp-content\/uploads\/2022\/07\/ACR08.jpg\" data-rel=\"rgg\" data-src=\"https:\/\/www.jorgeramirezfotografo.com\/wp-content\/uploads\/2022\/07\/ACR08-150x150.jpg\" data-ratio=\"1\" data-height=\"150\" data-width=\"150\" aria-label=\"\"><br>\n                                                        <\/a><br>\n                                                <a rel=\"prettyPhoto[slides]\" href=\"https:\/\/www.jorgeramirezfotografo.com\/wp-content\/uploads\/2022\/07\/ACR15_7.jpg\" data-rel=\"rgg\" data-src=\"https:\/\/www.jorgeramirezfotografo.com\/wp-content\/uploads\/2022\/07\/ACR15_7-150x150.jpg\" data-ratio=\"1\" data-height=\"150\" data-width=\"150\" aria-label=\"\"><br>\n                                                        <\/a><br>\n                                                <a rel=\"prettyPhoto[slides]\" href=\"https:\/\/www.jorgeramirezfotografo.com\/wp-content\/uploads\/2022\/07\/ACR05_2.jpg\" data-rel=\"rgg\" data-src=\"https:\/\/www.jorgeramirezfotografo.com\/wp-content\/uploads\/2022\/07\/ACR05_2-150x150.jpg\" data-ratio=\"1\" data-height=\"150\" data-width=\"150\" aria-label=\"\"><br>\n                                                        <\/a><br>\n                                                <a rel=\"prettyPhoto[slides]\" href=\"https:\/\/www.jorgeramirezfotografo.com\/wp-content\/uploads\/2022\/07\/ACR07_3.jpg\" data-rel=\"rgg\" data-src=\"https:\/\/www.jorgeramirezfotografo.com\/wp-content\/uploads\/2022\/07\/ACR07_3-150x150.jpg\" data-ratio=\"1\" data-height=\"150\" data-width=\"150\" aria-label=\"\"><br>\n                                                        <\/a><br>\n                                                <a rel=\"prettyPhoto[slides]\" href=\"https:\/\/www.jorgeramirezfotografo.com\/wp-content\/uploads\/2022\/07\/ACR09_3.jpg\" data-rel=\"rgg\" data-src=\"https:\/\/www.jorgeramirezfotografo.com\/wp-content\/uploads\/2022\/07\/ACR09_3-150x150.jpg\" data-ratio=\"1\" data-height=\"150\" data-width=\"150\" aria-label=\"\"><br>\n                                                        <\/a><br>\n                                                <a rel=\"prettyPhoto[slides]\" href=\"https:\/\/www.jorgeramirezfotografo.com\/wp-content\/uploads\/2022\/07\/ACR13.jpg\" data-rel=\"rgg\" data-src=\"https:\/\/www.jorgeramirezfotografo.com\/wp-content\/uploads\/2022\/07\/ACR13-150x150.jpg\" data-ratio=\"1\" data-height=\"150\" data-width=\"150\" aria-label=\"\"><br>\n                                                        <\/a><br>\n                                                <a rel=\"prettyPhoto[slides]\" href=\"https:\/\/www.jorgeramirezfotografo.com\/wp-content\/uploads\/2022\/07\/FACR06-1024x1024.jpg\" data-rel=\"rgg\" data-src=\"https:\/\/www.jorgeramirezfotografo.com\/wp-content\/uploads\/2022\/07\/FACR06-150x150.jpg\" data-ratio=\"1\" data-height=\"150\" data-width=\"150\" aria-label=\"\"><br>\n                                                        <\/a><br>\n                                                <a rel=\"prettyPhoto[slides]\" href=\"https:\/\/www.jorgeramirezfotografo.com\/wp-content\/uploads\/2022\/07\/ACRBOX_1.jpg\" data-rel=\"rgg\" data-src=\"https:\/\/www.jorgeramirezfotografo.com\/wp-content\/uploads\/2022\/07\/ACRBOX_1-150x150.jpg\" data-ratio=\"1\" data-height=\"150\" data-width=\"150\" aria-label=\"\"><br>\n                                                        <\/a><br>\n                                                <a rel=\"prettyPhoto[slides]\" href=\"https:\/\/www.jorgeramirezfotografo.com\/wp-content\/uploads\/2022\/07\/ACR15.jpg\" data-rel=\"rgg\" data-src=\"https:\/\/www.jorgeramirezfotografo.com\/wp-content\/uploads\/2022\/07\/ACR15-150x150.jpg\" data-ratio=\"1\" data-height=\"150\" data-width=\"150\" aria-label=\"\"><br>\n                                                        <\/a><br>\n                                                <a rel=\"prettyPhoto[slides]\" href=\"https:\/\/www.jorgeramirezfotografo.com\/wp-content\/uploads\/2022\/07\/ACR02.jpg\" data-rel=\"rgg\" data-src=\"https:\/\/www.jorgeramirezfotografo.com\/wp-content\/uploads\/2022\/07\/ACR02-150x150.jpg\" data-ratio=\"1\" data-height=\"150\" data-width=\"150\" aria-label=\"\"><br>\n                                                        <\/a><br>\n                                                <a rel=\"prettyPhoto[slides]\" href=\"https:\/\/www.jorgeramirezfotografo.com\/wp-content\/uploads\/2022\/07\/MACR01_1.jpg\" data-rel=\"rgg\" data-src=\"https:\/\/www.jorgeramirezfotografo.com\/wp-content\/uploads\/2022\/07\/MACR01_1-150x150.jpg\" data-ratio=\"1\" data-height=\"150\" data-width=\"150\" aria-label=\"\"><br>\n                                                        <\/a><br>\n                                                <a rel=\"prettyPhoto[slides]\" href=\"https:\/\/www.jorgeramirezfotografo.com\/wp-content\/uploads\/2022\/07\/FACR08_2.jpg\" data-rel=\"rgg\" data-src=\"https:\/\/www.jorgeramirezfotografo.com\/wp-content\/uploads\/2022\/07\/FACR08_2-150x150.jpg\" data-ratio=\"1\" data-height=\"150\" data-width=\"150\" aria-label=\"\"><br>\n                                                        <\/a><\/p>\n<h2>LETREROS Y DETALLES<\/h2>\n<p>&nbsp;Los letreros para boda son una buena opci\u00f3n tanto para bodas civiles como religiosas, e inclusive como adorno en la fiesta o celebraci\u00f3n.<\/p>\n<p>                                        <a rel=\"prettyPhoto[slides]\" href=\"https:\/\/www.jorgeramirezfotografo.com\/wp-content\/uploads\/2022\/07\/YKT010_4.jpg\" data-rel=\"rgg\" data-src=\"https:\/\/www.jorgeramirezfotografo.com\/wp-content\/uploads\/2022\/07\/YKT010_4-150x150.jpg\" data-ratio=\"1\" data-height=\"150\" data-width=\"150\" aria-label=\"\"><br>\n                                                        <\/a><br>\n                                                <a rel=\"prettyPhoto[slides]\" href=\"https:\/\/www.jorgeramirezfotografo.com\/wp-content\/uploads\/2022\/07\/YKS_9.jpg\" data-rel=\"rgg\" data-src=\"https:\/\/www.jorgeramirezfotografo.com\/wp-content\/uploads\/2022\/07\/YKS_9-150x150.jpg\" data-ratio=\"1\" data-height=\"150\" data-width=\"150\" aria-label=\"\"><br>\n                                                        <\/a><br>\n                                                <a rel=\"prettyPhoto[slides]\" href=\"https:\/\/www.jorgeramirezfotografo.com\/wp-content\/uploads\/2022\/07\/YK017W60D_01.jpg\" data-rel=\"rgg\" data-src=\"https:\/\/www.jorgeramirezfotografo.com\/wp-content\/uploads\/2022\/07\/YK017W60D_01-150x150.jpg\" data-ratio=\"1\" data-height=\"150\" data-width=\"150\" aria-label=\"\"><br>\n                                                        <\/a><br>\n                                                <a rel=\"prettyPhoto[slides]\" href=\"https:\/\/www.jorgeramirezfotografo.com\/wp-content\/uploads\/2022\/07\/WPL0156_a3.jpg\" data-rel=\"rgg\" data-src=\"https:\/\/www.jorgeramirezfotografo.com\/wp-content\/uploads\/2022\/07\/WPL0156_a3-150x150.jpg\" data-ratio=\"1\" data-height=\"150\" data-width=\"150\" aria-label=\"\"><br>\n                                                        <\/a><br>\n                                                <a rel=\"prettyPhoto[slides]\" href=\"https:\/\/www.jorgeramirezfotografo.com\/wp-content\/uploads\/2022\/07\/WZL0002_2.jpg\" data-rel=\"rgg\" data-src=\"https:\/\/www.jorgeramirezfotografo.com\/wp-content\/uploads\/2022\/07\/WZL0002_2-150x150.jpg\" data-ratio=\"1\" data-height=\"150\" data-width=\"150\" aria-label=\"\"><br>\n                                                        <\/a><br>\n                                                <a rel=\"prettyPhoto[slides]\" href=\"https:\/\/www.jorgeramirezfotografo.com\/wp-content\/uploads\/2022\/07\/WTQ02.jpg\" data-rel=\"rgg\" data-src=\"https:\/\/www.jorgeramirezfotografo.com\/wp-content\/uploads\/2022\/07\/WTQ02-150x150.jpg\" data-ratio=\"1\" data-height=\"150\" data-width=\"150\" aria-label=\"\"><br>\n                                                        <\/a><br>\n                                                <a rel=\"prettyPhoto[slides]\" href=\"https:\/\/www.jorgeramirezfotografo.com\/wp-content\/uploads\/2022\/07\/WSPC0001.jpg\" data-rel=\"rgg\" data-src=\"https:\/\/www.jorgeramirezfotografo.com\/wp-content\/uploads\/2022\/07\/WSPC0001-150x150.jpg\" data-ratio=\"1\" data-height=\"150\" data-width=\"150\" aria-label=\"\"><br>\n                                                        <\/a><br>\n                                                <a rel=\"prettyPhoto[slides]\" href=\"https:\/\/www.jorgeramirezfotografo.com\/wp-content\/uploads\/2022\/07\/WLF0001_6-1024x1024.jpg\" data-rel=\"rgg\" data-src=\"https:\/\/www.jorgeramirezfotografo.com\/wp-content\/uploads\/2022\/07\/WLF0001_6-150x150.jpg\" data-ratio=\"1\" data-height=\"150\" data-width=\"150\" aria-label=\"\"><br>\n                                                        <\/a><br>\n                                                <a rel=\"prettyPhoto[slides]\" href=\"https:\/\/www.jorgeramirezfotografo.com\/wp-content\/uploads\/2022\/07\/WTQ06-1024x1024.jpg\" data-rel=\"rgg\" data-src=\"https:\/\/www.jorgeramirezfotografo.com\/wp-content\/uploads\/2022\/07\/WTQ06-150x150.jpg\" data-ratio=\"1\" data-height=\"150\" data-width=\"150\" aria-label=\"\"><br>\n                                                        <\/a><br>\n                                                <a rel=\"prettyPhoto[slides]\" href=\"https:\/\/www.jorgeramirezfotografo.com\/wp-content\/uploads\/2022\/07\/WGL0004.jpg\" data-rel=\"rgg\" data-src=\"https:\/\/www.jorgeramirezfotografo.com\/wp-content\/uploads\/2022\/07\/WGL0004-150x150.jpg\" data-ratio=\"1\" data-height=\"150\" data-width=\"150\" aria-label=\"\"><br>\n                                                        <\/a><br>\n                                                <a rel=\"prettyPhoto[slides]\" href=\"https:\/\/www.jorgeramirezfotografo.com\/wp-content\/uploads\/2022\/07\/WLU0002-1024x1024.jpg\" data-rel=\"rgg\" data-src=\"https:\/\/www.jorgeramirezfotografo.com\/wp-content\/uploads\/2022\/07\/WLU0002-150x150.jpg\" data-ratio=\"1\" data-height=\"150\" data-width=\"150\" aria-label=\"\"><br>\n                                                        <\/a><br>\n                                                <a rel=\"prettyPhoto[slides]\" href=\"https:\/\/www.jorgeramirezfotografo.com\/wp-content\/uploads\/2022\/07\/WCL0006.jpg\" data-rel=\"rgg\" data-src=\"https:\/\/www.jorgeramirezfotografo.com\/wp-content\/uploads\/2022\/07\/WCL0006-150x150.jpg\" data-ratio=\"1\" data-height=\"150\" data-width=\"150\" aria-label=\"\"><br>\n                                                        <\/a><\/p>\n<p style=\"text-align: center;\">AGENDA TU CITA Y VISITANOS.<\/p>\n<p style=\"text-align: center;\">CONOCE TODOS LOS PRODUCTOS Y SERVICIOS QUE TENEMOS PARA TI.<\/p>\n<p style=\"text-align: center;\">ESTAMOS EN PLAZA DE LA NOVIA AL INTERIOR DE MALINA NOVIAS, DONDE NO SOLO ENCONTRARAS VESTIDOS DE NOVIAS Y XVS.<\/p>\n<p>\t\t\t<iframe frameborder=\"0\" scrolling=\"no\" marginheight=\"0\" marginwidth=\"0\" src=\"https:\/\/maps.google.com\/maps?q=PLAZA%20DE%20LA%20NOVIA&amp;t=m&amp;z=15&amp;output=embed&amp;iwloc=near\" aria-label=\"PLAZA DE LA NOVIA\"><\/iframe><\/p>","protected":false},"excerpt":{"rendered":"<p>Profesionales de dise\u00f1o especializado en la personalizaci\u00f3n de invitaciones. Las invitaciones de tu boda y 15 a\u00f1os las encuentras con nosotros.Ofrecemos modelos seg\u00fan la tendencia con nueva tecnolog\u00eda de corte e impresi\u00f3n. Anterior Siguiente INVITACIONES DE CORTE LASER Y ENVOLVENTES Aqu\u00ed encontrar\u00e1s \u00fanicamente originalidad y creatividad, as\u00ed que si est\u00e1s buscando algo especial y \u00fanico, [&hellip;]<\/p>\n","protected":false},"author":2,"featured_media":1430,"parent":0,"menu_order":0,"comment_status":"closed","ping_status":"closed","template":"","meta":{"footnotes":""},"class_list":["post-1427","page","type-page","status-publish","has-post-thumbnail","hentry"],"_links":{"self":[{"href":"https:\/\/www.jorgeramirezfotografo.com\/index.php\/wp-json\/wp\/v2\/pages\/1427","targetHints":{"allow":["GET"]}}],"collection":[{"href":"https:\/\/www.jorgeramirezfotografo.com\/index.php\/wp-json\/wp\/v2\/pages"}],"about":[{"href":"https:\/\/www.jorgeramirezfotografo.com\/index.php\/wp-json\/wp\/v2\/types\/page"}],"author":[{"embeddable":true,"href":"https:\/\/www.jorgeramirezfotografo.com\/index.php\/wp-json\/wp\/v2\/users\/2"}],"replies":[{"embeddable":true,"href":"https:\/\/www.jorgeramirezfotografo.com\/index.php\/wp-json\/wp\/v2\/comments?post=1427"}],"version-history":[{"count":14,"href":"https:\/\/www.jorgeramirezfotografo.com\/index.php\/wp-json\/wp\/v2\/pages\/1427\/revisions"}],"predecessor-version":[{"id":1532,"href":"https:\/\/www.jorgeramirezfotografo.com\/index.php\/wp-json\/wp\/v2\/pages\/1427\/revisions\/1532"}],"wp:featuredmedia":[{"embeddable":true,"href":"https:\/\/www.jorgeramirezfotografo.com\/index.php\/wp-json\/wp\/v2\/media\/1430"}],"wp:attachment":[{"href":"https:\/\/www.jorgeramirezfotografo.com\/index.php\/wp-json\/wp\/v2\/media?parent=1427"}],"curies":[{"name":"wp","href":"https:\/\/api.w.org\/{rel}","templated":true}]}}